reds digit of d?
1
Let q be (-819)/(-84) - 1/(-4). What is the tens digit of ((-6)/q)/((-6)/(-78))*-5?
3
Suppose 12*q = 19*q. Suppose q = 19*c - 14*c + 20. What is the units digit of 83 - c*3/(-6)?
1
Let y(g) = g**3 + 10*g**2 - 5*g - 3. Let n be y(-9). Let r = n + 159. What is the tens digit of r?
8
What is the ten thousands digit of (-321998)/(-6) + (300/(-18))/(-25)?
5
Let n(i) = 9*i**2 - 25*i - 11. Let p be n(7). Suppose -z - 4*t = -5*t - p, 5*z = 3*t + 1269. What is the units digit of z?
2
Let k(b) = 21*b - 12 - 7 - 25. What is the tens digit of k(9)?
4
Let q(j) = 38*j + 4 + 47 + 47*j + 33. Let z(g) = -28*g - 28. Let t(a) = -3*q(a) - 8*z(a). What is the units digit of t(-6)?
8
Let h(q) = -9*q**3 - 3*q**2 + 9*q. What is the units digit of h(-6)?
2
Let u = 1883 - 535. Suppose 5*p + u = 4*s, 10*p - 11*p + 4 = 0. What is the tens digit of s?
4
Suppose -11*a = -1592 + 4397. Let m = 363 + a. What is the tens digit of m?
0
Let f(o) = 120*o - 5. Let r be (9/(-6) + 5/4)*-16. What is the hundreds digit of f(r)?
4
What is the units digit of 128446/((1 - 5)*1/(-2))?
3
Let k = 438 + -963. Let i = 143 - k. What is the units digit of i?
8
Let h(f) = -f**3 - 26*f**2 + f + 21. Let z be h(-26). Let s(a) = -a**2 - 16*a - 23. What is the tens digit of s(z)?
3
Suppose -50*i - 53*i + 154813 = 24*i. What is the hundreds digit of i?
2
Let n be (3 + -2)/(6/18). Suppose -873 = -3*z + n*r, -3*z - r = -0*r - 893. Suppose -3*q + f + 304 = 2*f, -5*f + z = 3*q. What is the hundreds digit of q?
1
Let k(m) = 2*m**2 + 17*m + 40. Let r be k(9). Suppose -3630 = -r*t + 352*t. What is the units digit of t?
0
Suppose 0 = 28*z - 45698 + 9298. Suppose 2*l + m - 468 = 48, z = 5*l + 5*m. What is the hundreds digit of l?
2
Suppose -6*u = -5 - 7. Let l be ((-40)/30)/(1/(-174)). Suppose -u*x - 4*t = -l, -x - x + 3*t = -197. What is the hundreds digit of x?
1
Let t = 2382 + -1935. What is the units digit of t?
7
Suppose -172*f + 4365081 = 140*f - 119*f. What is the units digit of f?
7
Let t = 35837 - 22502. Suppose t = -4*l - l. What is the tens digit of 2/(-8) - (-8)/((-224)/l)?
9
Suppose -246764 = -5*r - 2*h, 7*r + 44208 - 389724 = 3*h. What is the thousands digit of r?
9
Suppose -27936 = -61*w + 29*w. What is the hundreds digit of w?
8
Let x(b) = 3*b**2 + 46*b + 30. Let i(a) = -2*a**2 - 23*a - 15. Let m(k) = 7*i(k) + 4*x(k). Let q be m(14). Let p = -54 - q. What is the units digit of p?
1
Suppose 5*a = 3*z + 782, -z = -2*a - 2*a + 620. Let c = 11 - 6. Suppose 0 = -c*m + a + 36. What is the units digit of m?
8
Suppose -611648 + 1437596 = 74*b - 563994. What is the ten thousands digit of b?
1
Let w = -23 + 21. Let o be w*((-905)/2)/5. Let v = o - 82. What is the units digit of v?
9
What is the units digit of -6 + 5874 + 35 + -24?
9
Let q = 12531 + -8219. What is the hundreds digit of q?
3
Suppose 19 = 5*g + 2*h + 1, 2*g + 5*h - 3 = 0. Let z(r) = 7 - 2 - 4*r - r + 10*r**2. What is the hundreds digit of z(g)?
1
Suppose 3878 = 11*t - 4*t. Let q = t - 394. Let j = -64 + q. What is the tens digit of j?
9
Suppose 4*j - 4*n + 2496 = 0, -5*j - 3640 = 3*n - 512. Let z = j + 913. What is the tens digit of z?
8
Let i(k) = 73*k**2 + k - 2. Let c be i(-1). Suppose -67*y = -c*y + 3. Let f(o) = 7*o - 5. What is the units digit of f(y)?
2
Let i(f) = -2*f + 2 + 2 + 29*f**2 + 16*f**2 + 0. What is the units digit of i(-2)?
8
Let n(f) = -2*f - 8. Let k be n(-8). Suppose -4*w = -8*w + k. Suppose -w*u + u - 4 = 0, 4*o = -5*u + 76. What is the tens digit of o?
2
Suppose 5*i = b + 268, -5*b - 566 = -3*b + 5*i. Let o = -25 - b. What is the units digit of o?
3
Let w be (-16)/12 + 3 + 4489/3. Let s = w - 940. What is the tens digit of s?
5
Let t be (15/12)/(10/40). Let j(a) = 11*a - 41. What is the tens digit of j(t)?
1
Let w(a) = a**2 - 6*a. Let o be w(34). Suppose -2*c + 405 + o = -i, 5*i - 3385 = -5*c. What is the tens digit of c?
7
Let x be 38/(-589) - (-3629)/31. Suppose -4*y = -5*l - 369, 4*l - 5*y + 91 + 206 = 0. Let w = x + l. What is the units digit of w?
4
Suppose -s - 1806 = -3*l, 0 = 3*l + s - 1690 - 122. Let y be (2 + 55/(-15))*l. What is the tens digit of y/(-15) - 0/1?
6
Let p be ((-10)/(-6) + -2)*207. Let s be (-909)/(-12)*16/6. Let i = s + p. What is the tens digit of i?
3
Suppose 10*f = -585431 - 524549. What is the tens digit of (-4)/10 - f/95?
6
Suppose -93*n + 98*n - 25 = 0, g = 2*n + 4560. What is the tens digit of g?
7
Let m(q) = 18*q + 40. Suppose 4*z - 5*i = 57, -3*z + 4*z - 30 = -4*i. What is the hundreds digit of m(z)?
3
What is the tens digit of (-100)/(-175) + 6*(-99947)/(-14)?
3
What is the hundreds digit of 1717408/385 + (-4)/5 - 4?
4
Suppose -1658 = -c - 3*h, 5*c - 4*h - 8326 = -h. Suppose 0 = -5*b - t - 3*t + c, b + t = 332. What is the tens digit of b?
3
Let v = -397 - -400. Suppose -v*w = 5*j - 523, -2*w - 3*j + 352 = j. What is the tens digit of w?
6
Let z be (160/(-28) + 6)*-14. Let m(y) = -9*y - 22. What is the units digit of m(z)?
4
Let f = 1094 - 44. What is the units digit of f?
0
Let r = 1279 - 380. Let i = 2070 - r. What is the hundreds digit of i?
1
Let q(o) = 22*o + 297. Let w be q(-12). What is the tens digit of 6/(-33) - ((-4263)/w - -1)?
2
Suppose -2 = 3*k - 5, 0 = -p - 4*k + 9. Suppose 0 = 16*i - p*i - 2772. What is the tens digit of i?
5
Let w = 340 + -332. Suppose -4*y + 3180 = w*y. What is the tens digit of y?
6
Suppose -27 = 36*s - 135. Suppose 2*j - 2*w = 1104, 5*j + s*w - 1656 = 2*j. What is the hundreds digit of j?
5
Suppose -20*g + 7065 = 825. What is the tens digit of g - -3*(-10)/(-6)?
1
Let g be (-2)/(-6) - (-174)/18. Let y(p) = -p**2 + 26*p - 24. Let a be y(g). Let u = 241 - a. What is the hundreds digit of u?
1
Let q(y) = y**3 + 17*y**2 - 39*y - 15. Let a be q(-19). Let h(o) = 289*o - 156. What is the thousands digit of h(a)?
1
Let d be (-2)/8 + 115/92. Let w be 15/(4 - d) - 5. Suppose w = 6*s - 411 - 411. What is the tens digit of s?
3
Let c = 140 + 44. Suppose -3*s + 3 = 0, w = 2*s - 50 - 7. Let g = w + c. What is the tens digit of g?
2
What is the units digit of 1734 - -1 - (-25)/(12 - 7)?
0
Suppose 5 - 1 = 4*j + 4*f, -2 = -3*j - 4*f. Suppose j*o - 81 = 155. What is the units digit of o?
8
Let a = -84 + 92. Suppose 0 = 20*w - a*w - 2088. What is the units digit of w?
4
What is the units digit of ((-1152144)/280)/((-6)/15)?
7
Suppose 5*y - 41436 = 2*y + 3*m, 5*y = -2*m + 69025. What is the hundreds digit of y?
8
Suppose -5*n + 22 + 23 = 0. Suppose n*f = 13*f - 1716. What is the units digit of f?
9
Let y(w) = w**3 - 87*w**2 + 39*w - 209. What is the tens digit of y(87)?
8
Let t be ((-100)/12 + 5)/(55/(-66)). What is the thousands digit of ((-12)/2)/(t + (-11990)/2995)?
1
Suppose 176*i - 452972 = 432492 + 904104. What is the units digit of i?
8
What is the thousands digit of 9 + (6367 - (18 - 8))?
6
Suppose 2*n - 32835 = -4*q + 10201, -53798 = -5*q - 2*n. What is the ten thousands digit of q?
1
Let d(c) = -9*c**2 - c**3 + 1 - 5*c + 10 + 2*c**3. Suppose -80 = -45*i + 37*i. What is the tens digit of d(i)?
6
Suppose 37*t = -61429 - 87163. Let b = -2323 - t. What is the hundreds digit of b?
6
Let g(q) = 3650*q + 361. What is the units digit of g(2)?
1
Let w(h) = -h**3 - 21*h**2 - 27*h - 16. Suppose 0 = -5*s - 88 - 7. Let z be w(s). What is the tens digit of (1 - -3)/((-910)/z + -4)?
9
Suppose -5 = w, -85*y = -86*y + w + 99. Let c(j) = -j**3 - 5*j**2 - j - 5. Let h be c(-5). Suppose n + h*n = y. What is the tens digit of n?
9
Let p(q) = 6*q**2 - 6*q + 5. Let v be p(1). Suppose -5*g - 15 = 0, r + r = v*g + 309. Suppose -4*t = a - r, -2*a + 3*t + 471 = a. What is the units digit of a?
5
Suppose -12*q = -1147 - 3557. Suppose -1721 = -3*y - q. What is the units digit of y?
3
Let u(r) be the first derivative of r**4/4 - 3*r**3 - 4*r**2 - 10*r + 3. Suppose 0 = 75*q - 78*q + 33. What is the tens digit of u(q)?
4
Let m be (-2152 + -2)*(-4 - -3). Let i = -1010 + m. What is the thousands digit of i?
1
Suppose 81 + 139 = 4*i. Let v = i + -52. Suppose -v*o + 6 = -12. What is the units digit of o?
6
Let m(w) = 3*w**2 - 70*w + 21. Let j be m(23). Let t(q) = -117*q - 18. What is the units digit of t(j)?
6
Suppose -2*r + 1535 + 775 = 0. Let c = 1986 - r. What is the hundreds digit of c?
8
Let b = 237 - 232. Suppose -b*q = 5*t - 115, 3*t - 50 = -2*q - t. What is the 